e 11
22
-1 (base 13) to base 15
-1
What is -5 (base 16) in base 4?
-11
Convert 1 (base 2) to base 12.
1
What is 133 (base 7) in base 15?
4d
What is 4 (base 7) in base 2?
100
Convert -1b (base 16) to base 4.
-123
-3 (base 11) to base 3
-10
210 (base 3) to base 14
17
What is 53 (base 9) in base 7?
66
-111 (base 7) to base 4
-321
Convert -23 (base 6) to base 7.
-21
11111 (base 2) to base 6
51
Convert -112 (base 9) to base 7.
-161
What is 0 (base 13) in base 8?
0
What is -120 (base 9) in base 13?
-78
What is a (base 13) in base 16?
a
Convert -2 (base 13) to base 7.
-2
Convert -10 (base 11) to base 14.
-b
Convert -3 (base 11) to base 6.
-3
53 (base 9) to base 14
36
What is -b (base 14) in base 6?
-15
-10 (base 7) to base 2
-111
16 (base 10) to base 14
12
What is -143 (base 6) in base 13?
-4b
What is -132 (base 5) in base 7?
-60
What is 9 (base 15) in base 7?
12
c (base 16) to base 4
30
Convert -252 (base 9) to base 11.
-180
Convert -10 (base 3) to base 11.
-3
-211 (base 3) to base 12
-1a
Convert 2 (base 7) to base 9.
2
-34 (base 6) to base 13
-19
Convert 3 (base 4) to base 2.
11
Convert 37 (base 12) to base 13.
34
What is -15 (base 12) in base 2?
-10001
Convert -2d (base 16) to base 7.
-63
Convert -430 (base 7) to base 13.
-139
16 (base 11) to base 8
21
Convert 3 (base 8) to base 10.
3
107 (base 8) to base 14
51
Convert 5 (base 13) to base 11.
5
What is -52 (base 7) in base 2?
-100101
What is -1b (base 13) in base 14?
-1a
Convert 2 (base 16) to base 5.
2
Convert -3 (base 7) to base 4.
-3
Convert bc (base 13) to base 14.
b1
212 (base 4) to base 5
123
What is 6 (base 9) in base 7?
6
What is 1 (base 11) in base 13?
1
What is -13 (base 5) in base 2?
-1000
What is 60 (base 9) in base 15?
39
-474 (base 8) to base 3
-102201
-221 (base 6) to base 16
-55
What is -1100101 (base 2) in base 8?
-145
What is 302 (base 4) in base 10?
50
2 (base 9) to base 13
2
What is -1 (base 13) in base 4?
-1
1a (base 11) to base 8
25
What is 195 (base 12) in base 11?
214
70 (base 8) to base 15
3b
0 (base 2) to base 15
0
23 (base 13) to base 16
1d
What is 2 (base 15) in base 3?
2
-5 (base 16) to base 9
-5
-130 (base 11) to base 13
-bb
What is 202 (base 3) in base 10?
20
-22 (base 9) to base 16
-14
Convert 31 (base 6) to base 2.
10011
41 (base 9) to base 6
101
Convert 3 (base 12) to base 9.
3
0 (base 13) to base 10
0
Convert 257 (base 9) to base 15.
e4
-1 (base 2) to base 5
-1
What is 5c (base 16) in base 12?
78
What is 2 (base 15) in base 11?
2
Convert 1 (base 9) to base 15.
1
150 (base 7) to base 6
220
13 (base 14) to base 4
101
What is 1 (base 16) in base 10?
1
11011010 (base 2) to base 7
431
-100 (base 3) to base 15
-9
Convert -10 (base 11) to base 15.
-b
Convert 1 (base 7) to base 11.
1
-13 (base 7) to base 16
-a
Convert -20 (base 13) to base 5.
-101
4 (base 11) to base 3
11
Convert 6 (base 16) to base 4.
12
What is 3 (base 5) in base 11?
3
Convert -2 (base 8) to base 9.
-2
What is -211 (base 3) in base 2?
-10110
0 (base 2) to base 5
0
What is -110 (base 7) in base 6?
-132
-1c (base 14) to base 10
-26
-1 (base 14) to base 7
-1
What is 1 (base 3) in base 7?
1
Convert -3 (base 14) to base 7.
-3
21 (base 5) to base 13
b
Convert -13 (base 6) to base 7.
-12
-134 (base 5) to base 12
-38
What is -2 (base 12) in base 3?
-2
-42 (base 6) to base 4
-122
Convert -3 (base 5) to base 9.
-3
What is 0 (base 5) in base 2?
0
-11121 (base 3) to base 8
-174
58 (base 14) to base 3
2220
Convert 2 (base 12) to base 8.
2
-21 (base 9) to base 12
-17
198 (base 12) to base 15
125
What is -2c (base 15) in base 4?
-222
What is 12 (base 10) in base 2?
1100
Convert -4 (base 11) to base 8.
-4
What is 0 (base 9) in base 3?
0
-49 (base 16) to base 15
-4d
Convert -10 (base 4) to base 12.
-4
2330 (base 4) to base 5
1223
What is -116 (base 7) in base 5?
-222
What is 86 (base 9) in base 7?
141
-352 (base 6) to base 4
-2030
16 (base 7) to base 3
111
What is 5 (base 15) in base 6?
5
Convert 16 (base 7) to base 5.
23
1 (base 12) to base 3
1
What is 3 (base 8) in base 9?
3
Convert 101 (base 7) to base 9.
55
What is 1002 (base 5) in base 13?
9a
Convert 56 (base 16) to base 2.
1010110
What is -1 (base 11) in base 13?
-1
What is -13 (base 11) in base 7?
-20
2 (base 6) to base 10
2
What is -42 (base 5) in base 7?
-31
-2 (base 7) to base 16
-2
What is -33 (base 8) in base 11?
-25
Convert 20 (base 7) to base 11.
13
What is -22 (base 3) in base 6?
-12
Convert -14 (base 5) to base 15.
-9
-d4 (base 15) to base 14
-103
1 (base 2) to base 13
1
Convert -12 (base 11) to base 6.
-21
What is 3 (base 10) in base 4?
3
Convert -1 (base 3) to base 7.
-1
What is 2a (base 11) in base 5?
112
What is -4 (base 11) in base 7?
-4
Convert -d (base 16) to base 12.
-11
Convert 0 (base 7) to base 5.
0
Convert 4 (base 7) to base 9.
4
100 (base 4) to base 10
16
Convert -6 (base 9) to base 11.
-6
What is -52 (base 12) in base 8?
-76
What is 3 (base 12) in base 16?
3
22020 (base 3) to base 13
141
-315 (base 7) to base 12
-113
100 (base 4) to base 2
10000
What is -2 (base 10) in base 5?
-2
-366 (base 7) to base 10
-195
-5 (base 11) to base 13
-5
Convert 3 (base 13) to base 8.
3
1 (base 3) to base 15
1
What is 87 (base 12) in base 15?
6d
Convert -100021 (base 3) to base 9.
-307
Convert -84 (base 12) to base 14.
-72
What is 6 (base 12) in base 15?
6
-5 (base 7) to base 6
-5
What is 135 (base 6) in base 8?
73
Convert 52 (base 7) to base 9.
41
Convert -14 (base 16) to base 12.
-18
Convert 121 (base 5) to base 16.
24
Convert -4 (base 15) to base 3.
-11
Convert -3 (base 8) to base 15.
-3
What is -2 (base 7) in base 12?
-2
What is -2022 (base 3) in base 14?
-46
What is -11100 (base 2) in base 12?
-24
What is -1 (base 10) in base 11?
-1
Convert -1a (base 16) to base 14.
-1c
-10 (base 13) to base 8
-15
What is -6b (base 15) in base 7?
-203
-26 (base 10) to base 16
-1a
What is -8 (base 10) in base 11?
-8
What is -8 (base 16) in base 3?
-22
What is 102 (base 4) in base 13?
15
-ac (base 16) to base 8
-254
Convert 22 (base 16) to base 15.
24
-224 (base 5) to base 6
-144
36 (base 16) to base 7
105
What is a9 (base 13) in base 11?
117
-12 (base 8) to base 13
-a
-3 (base 10) to base 6
-3
73 (base 8) to base 15
3e
What is -5 (base 14) in base 7?
-5
Convert 116 (base 9) to base 8.
140
What is -17 (base 13) in base 10?
-20
Convert -1 (base 12) to base 11.
-1
-1 (base 3) to base 13
-1
-124 (base 6) to base 9
-57
What is 1 (base 2) in base 7?
1
Convert -3 (base 10) to base 13.
-3
What is -52 (base 10) in base 11?
-48
What is 2 (base 11) in base 4?
2
c (base 14) to base 11
11
What is 103 (base 6) in base 9?
43
What is 10010 (base 2) in base 13?
15
3c (base 13) to base 15
36
What is 28 (base 15) in base 9?
42
3 (base 14) to base 4
3
Convert 1000 (base 2) to base 3.
22
Convert -2 (base 10) to base 5.
-2
What is -6 (base 9) in base 11?
-6
What is 14 (base 7) in base 8?
13
What is 47 (base 16) in base 15?
4b
-24 (base 10) to base 13
-1b
Convert 115 (base 6) to base 13.
38
What is 114 (base 7) in base 11?
55
What is -5 (base 14) in base 5?
-10
112102 (base 3) to base 14
1db
What is -4a (base 14) in base 2?
-1000010
-1 (base 16) to base 2
-1
-235 (base 6) to base 11
-87
What is -1 (base 8) in base 11?
-1
-100 (base 2) to base 12
-4
Convert 1110 (base 2) to base 12.
12
What is bd (base 16) in base 9?
230
What is -5 (base 11) in base 10?
-5
Convert -4 (base 13) to base 5.
-4
What is 1 (base 3) in base 4?
1
Convert 124 (base 13) to base 8.
307
111 (base 2) to base 16
7
Convert 34 (base 7) to base 12.
21
-4 (base 10) to base 2
-100
What is 1 (base 6) in base 10?
1
Convert -19 (base 11) to base 7.
-26
-200 (base 4) to base 7
-44
Convert 172 (base 9) to base 14.
a6
-7 (base 12) to base 2
-111
11 (base 16) to base 4
101
What is 6 (base 13) in base 9?
6
Convert 31 (base 6) to base 11.
18
What is 1 (base 7) in base 12?
1
Convert 5 (base 11) to base 15.
5
What is 4 (base 12) in base 10?
4
What is -3 (base 11) in base 13?
-3
Convert -5 (base 9) to base 4.
-11
What is -33 (base 14) in base 15?
-30
Convert -11011 (base 2) to base 10.
-27
1010 (base 3) to base 13
24
Convert -402 (base 7) to base 5.
-1243
What is 37 (base 9) in base 12?
2a
Convert de (base 16) to base 4.
3132
Convert 52 (base 6) to base 13.
26
35 (base 10) to base 7
50
-73 (base 9) to base 5
-231
-33 (base 6) to base 2
